{"id":54,"date":"2020-04-29T20:00:55","date_gmt":"2020-04-29T20:00:55","guid":{"rendered":"http:\/\/st-riquier-es-plains.fr\/?page_id=54"},"modified":"2020-04-29T18:23:39","modified_gmt":"2020-04-29T18:23:39","slug":"presentation-des-membres-du-conseil-municipal","status":"publish","type":"page","link":"http:\/\/st-riquier-es-plains.fr\/?page_id=54","title":{"rendered":"Le Conseil Municipal"},"content":{"rendered":"<p><span style=\"color: #ff0000;\">Compte tenu de l&rsquo;\u00e9pid\u00e9mie de Coronavirus, le Premier Ministre a d\u00e9cid\u00e9 le 9 mars 2020, de reporter l&rsquo;installation des conseils municipaux \u00e9lus au premier tour.<\/span><\/p>\n<p><span style=\"color: #ff0000;\">Les maires et conseillers municipaux verront leur mandat prolong\u00e9 jusqu&rsquo;\u00e0 mi-mai au moins.A cette date, un rapport devra permettre d&rsquo;indiquer s&rsquo;il est possible d&rsquo;installer les conseillers municipaux au regard des conditions sanitaires<\/span><\/p>\n<p>&nbsp;<\/p>\n","protected":false},"excerpt":{"rendered":"<p>Compte tenu de l&rsquo;\u00e9pid\u00e9mie de Coronavirus, le Premier Ministre a d\u00e9cid\u00e9 le 9 mars 2020, de reporter l&rsquo;installation des conseils municipaux \u00e9lus au premier tour. Les maires et conseillers municipaux verront leur mandat prolong\u00e9 jusqu&rsquo;\u00e0 mi-mai au moins.A cette date,&hellip;&nbsp;<a href=\"http:\/\/st-riquier-es-plains.fr\/?page_id=54\" class=\"more-link\">Lire la suite<\/a><\/p>\n","protected":false},"author":2,"featured_media":0,"parent":17,"menu_order":0,"comment_status":"closed","ping_status":"open","template":"","meta":{"_monsterinsights_skip_tracking":false,"_monsterinsights_sitenote_active":false,"_monsterinsights_sitenote_note":"","_monsterinsights_sitenote_category":0},"_links":{"self":[{"href":"http:\/\/st-riquier-es-plains.fr\/index.php?rest_route=\/wp\/v2\/pages\/54"}],"collection":[{"href":"http:\/\/st-riquier-es-plains.fr\/index.php?rest_route=\/wp\/v2\/pages"}],"about":[{"href":"http:\/\/st-riquier-es-plains.fr\/index.php?rest_route=\/wp\/v2\/types\/page"}],"author":[{"embeddable":true,"href":"http:\/\/st-riquier-es-plains.fr\/index.php?rest_route=\/wp\/v2\/users\/2"}],"replies":[{"embeddable":true,"href":"http:\/\/st-riquier-es-plains.fr\/index.php?rest_route=%2Fwp%2Fv2%2Fcomments&post=54"}],"version-history":[{"count":38,"href":"http:\/\/st-riquier-es-plains.fr\/index.php?rest_route=\/wp\/v2\/pages\/54\/revisions"}],"predecessor-version":[{"id":5909,"href":"http:\/\/st-riquier-es-plains.fr\/index.php?rest_route=\/wp\/v2\/pages\/54\/revisions\/5909"}],"up":[{"embeddable":true,"href":"http:\/\/st-riquier-es-plains.fr\/index.php?rest_route=\/wp\/v2\/pages\/17"}],"wp:attachment":[{"href":"http:\/\/st-riquier-es-plains.fr\/index.php?rest_route=%2Fwp%2Fv2%2Fmedia&parent=54"}],"curies":[{"name":"wp","href":"https:\/\/api.w.org\/{rel}","templated":true}]}}