{"id":4918,"date":"2020-05-01T15:00:21","date_gmt":"2020-05-01T15:00:21","guid":{"rendered":"http:\/\/st-riquier-es-plains.fr\/?page_id=4918"},"modified":"2020-05-10T19:07:14","modified_gmt":"2020-05-10T19:07:14","slug":"liens","status":"publish","type":"page","link":"http:\/\/st-riquier-es-plains.fr\/?page_id=4918","title":{"rendered":"Liens"},"content":{"rendered":"<h2><span style=\"color: #ff0000;\">COVID-19<\/span><\/h2>\n<ul>\n<li><a href=\"https:\/\/www.gouvernement.fr\/info-coronavirus\" target=\"_blank\" rel=\"noopener\">https:\/\/www.gouvernement.fr\/info-coronavirus<\/a><\/li>\n<li><a href=\"https:\/\/www.santepubliquefrance.fr\/\" target=\"_blank\" rel=\"noopener\">https:\/\/www.santepubliquefrance.fr\/<\/a><\/li>\n<\/ul>\n<hr \/>\n<h2><span style=\"color: #ff0000;\">Communaut\u00e9 de Commune de la c\u00f4te d&rsquo;Alb\u00e2tre<\/span><\/h2>\n<p><a href=\"http:\/\/cote-albatre.fr\/\" target=\"_blank\" rel=\"noopener\"><img loading=\"lazy\" class=\"aligncenter wp-image-3808 size-full\" src=\"http:\/\/st-riquier-es-plains.fr\/wp-content\/uploads\/2019\/01\/Visuel-site-comcom.bmp\" alt=\"\" width=\"1235\" height=\"277\" \/><\/a><\/p>\n<p><a href=\"http:\/\/cote-albatre.fr\/\" target=\"_blank\" rel=\"noopener\">Lien vers le site de la Communaut\u00e9 de Communes de la C\u00f4te d&rsquo;Alb\u00e2tre &#8211;&gt; cliquez ici<\/a><\/p>\n<hr \/>\n<p><a href=\"http:\/\/www.leboncoindenormandie.com\/\" target=\"_blank\" rel=\"noopener\"><img loading=\"lazy\" class=\"aligncenter wp-image-3809 size-full\" src=\"http:\/\/st-riquier-es-plains.fr\/wp-content\/uploads\/2019\/01\/Visuel-site-comcom-loisirs-tourismes.bmp\" alt=\"\" width=\"1034\" height=\"189\" \/><\/a><\/p>\n<p><a href=\"http:\/\/www.leboncoindenormandie.com\/\" target=\"_blank\" rel=\"noopener\">Lien vers le site des activit\u00e9s Loisirs et touristiques de la Communaut\u00e9 de Communes de la C\u00f4te d&rsquo;Alb\u00e2tre &#8211;&gt; cliquez ici<\/a><\/p>\n<hr \/>\n<p><strong><a href=\"http:\/\/www.distribution-iode.com\/\" target=\"_blank\" rel=\"noopener\">Lien vers le Site d&rsquo;information sur la conduite \u00e0 tenir en cas d&rsquo;alerte nucl\u00e9aire<\/a><\/strong><\/p>\n<hr \/>\n<p>&nbsp;<\/p>\n","protected":false},"excerpt":{"rendered":"<p>COVID-19 https:\/\/www.gouvernement.fr\/info-coronavirus https:\/\/www.santepubliquefrance.fr\/ Communaut\u00e9 de Commune de la c\u00f4te d&rsquo;Alb\u00e2tre Lien vers le site de la Communaut\u00e9 de Communes de la C\u00f4te d&rsquo;Alb\u00e2tre &#8211;&gt; cliquez ici Lien vers le site des activit\u00e9s Loisirs et touristiques de la Communaut\u00e9 de Communes&hellip;&nbsp;<a href=\"http:\/\/st-riquier-es-plains.fr\/?page_id=4918\" class=\"more-link\">Lire la suite<\/a><\/p>\n","protected":false},"author":2,"featured_media":0,"parent":0,"menu_order":0,"comment_status":"closed","ping_status":"closed","template":"templates\/full-width.php","meta":{"_monsterinsights_skip_tracking":false,"_monsterinsights_sitenote_active":false,"_monsterinsights_sitenote_note":"","_monsterinsights_sitenote_category":0},"_links":{"self":[{"href":"http:\/\/st-riquier-es-plains.fr\/index.php?rest_route=\/wp\/v2\/pages\/4918"}],"collection":[{"href":"http:\/\/st-riquier-es-plains.fr\/index.php?rest_route=\/wp\/v2\/pages"}],"about":[{"href":"http:\/\/st-riquier-es-plains.fr\/index.php?rest_route=\/wp\/v2\/types\/page"}],"author":[{"embeddable":true,"href":"http:\/\/st-riquier-es-plains.fr\/index.php?rest_route=\/wp\/v2\/users\/2"}],"replies":[{"embeddable":true,"href":"http:\/\/st-riquier-es-plains.fr\/index.php?rest_route=%2Fwp%2Fv2%2Fcomments&post=4918"}],"version-history":[{"count":6,"href":"http:\/\/st-riquier-es-plains.fr\/index.php?rest_route=\/wp\/v2\/pages\/4918\/revisions"}],"predecessor-version":[{"id":5954,"href":"http:\/\/st-riquier-es-plains.fr\/index.php?rest_route=\/wp\/v2\/pages\/4918\/revisions\/5954"}],"wp:attachment":[{"href":"http:\/\/st-riquier-es-plains.fr\/index.php?rest_route=%2Fwp%2Fv2%2Fmedia&parent=4918"}],"curies":[{"name":"wp","href":"https:\/\/api.w.org\/{rel}","templated":true}]}}