{"id":3413,"date":"2025-10-13T11:46:51","date_gmt":"2025-10-13T09:46:51","guid":{"rendered":"http:\/\/st-riquier-es-plains.fr\/?page_id=3413"},"modified":"2025-10-13T11:46:52","modified_gmt":"2025-10-13T09:46:52","slug":"__trashed","status":"publish","type":"page","link":"http:\/\/st-riquier-es-plains.fr\/?page_id=3413","title":{"rendered":"Planning des Maisons France Services de la CCCA semaine 42"},"content":{"rendered":"<h1 style=\"text-align: center;\"><span style=\"color: #ff0000;\">Semaine 42 (du lundi 13 octobre au vendredi 17 octobre 2025)<\/span><\/h1>\n<p>Pour information \u00e0 compter du 05\/07, la DGFIP assurera une permanence uniquement sur RDV les mercredis de 9h \u00e0 12h et de 14h \u00e0 16h \u00e0 l&rsquo;Espace Public du Littoral. Pour la prise de rdv, <a href=\"http:\/\/st-riquier-es-plains.fr\/wp-content\/uploads\/2023\/07\/Impots_gouv_fr_prendre_rdv.pdf\" target=\"_blank\" rel=\"noopener noreferrer\">cliquez ici pour afficher la fiche pratique explicative<\/a>. Les animatrices France Services pourront accompagner dans la prise de RDV en ligne.<\/p>\n<p>Pour rappel, l&rsquo;accueil de l&rsquo;Espace Public de La Vall\u00e9e \u00e0 Cany Barville est d\u00e9sormais ferm\u00e9. Les partenaires re\u00e7oivent uniquement sur RDV en fonction de leur calendrier habituel.<\/p>\n<p>Pour toute demande d&rsquo;accompagnement de d\u00e9marches administratives et num\u00e9riques, un agent France Services pourra recevoir \u00e0 l&rsquo;Espace Public de La Vall\u00e9e \u00e0 Cany Barville,&nbsp;<strong><u>sur RDV uniquement<\/u><\/strong>, les usagers qui ne peuvent pas se d\u00e9placer dans un des Espaces Frances Services \u00e0 St Valery En Caux ( t\u00e9l : 02 35 57 92 00) ou \u00e0&nbsp;Fontaine Le Dun (t\u00e9l : 02 35 57&nbsp;83 62).<\/p>\n<h2 style=\"padding-left: 60px;\">&nbsp;Espace Public de la Vall\u00e9e&nbsp;&nbsp;&nbsp;&nbsp;&nbsp; Espace Public du Littoral&nbsp;&nbsp;&nbsp;&nbsp;&nbsp;&nbsp;&nbsp;&nbsp;&nbsp; Espace Multiservice<\/h2>\n<h2 style=\"padding-left: 60px;\">&nbsp;&nbsp;&nbsp;&nbsp;&nbsp;&nbsp;&nbsp;&nbsp;&nbsp; Cany-Barville&nbsp;&nbsp;&nbsp;&nbsp;&nbsp;&nbsp;&nbsp;&nbsp;&nbsp;&nbsp;&nbsp;&nbsp;&nbsp;&nbsp;&nbsp;&nbsp;&nbsp;&nbsp;&nbsp;&nbsp;&nbsp;&nbsp;&nbsp;&nbsp; Saint Valery en Caux&nbsp;&nbsp;&nbsp;&nbsp;&nbsp;&nbsp;&nbsp;&nbsp;&nbsp;&nbsp;&nbsp;&nbsp;&nbsp;&nbsp;&nbsp;&nbsp;&nbsp;&nbsp; Fontaine le Dun<\/h2>\n<h1 style=\"padding-left: 60px;\"><a href=\"http:\/\/st-riquier-es-plains.fr\/wp-content\/uploads\/2025\/10\/Vallee-semaine-42.pdf\" target=\"_blank\" rel=\"noopener noreferrer\"><img loading=\"lazy\" class=\"alignleft wp-image-3296\" title=\"http:\/\/st-riquier-es-plains.fr\/wp-content\/uploads\/2025\/10\/Vallee-semaine-42.pdf\" src=\"http:\/\/st-riquier-es-plains.fr\/wp-content\/uploads\/2025\/10\/Vallee-semaine-42-724x1024.jpg\" alt=\"\" width=\"300\" height=\"424\"><\/a><\/h1>\n<p><a href=\"http:\/\/st-riquier-es-plains.fr\/wp-content\/uploads\/2025\/10\/Littoral-semaine-42.pdf\" target=\"_blank\" rel=\"noopener noreferrer\"><img loading=\"lazy\" class=\"wp-image-3294 alignleft\" title=\"http:\/\/st-riquier-es-plains.fr\/wp-content\/uploads\/2025\/10\/Littoral-semaine-42.pdf\" src=\"http:\/\/st-riquier-es-plains.fr\/wp-content\/uploads\/2025\/10\/Littoral-semaine-42-724x1024.jpg\" alt=\"\" width=\"300\" height=\"424\"><\/a><strong><a href=\"http:\/\/st-riquier-es-plains.fr\/wp-content\/uploads\/2025\/10\/Multiservice-semaine-42.pdf\" target=\"_blank\" rel=\"noopener noreferrer\"><img loading=\"lazy\" class=\"wp-image-3295 alignleft\" title=\"http:\/\/st-riquier-es-plains.fr\/wp-content\/uploads\/2025\/10\/Multiservice-semaine-42.pdf\" src=\"http:\/\/st-riquier-es-plains.fr\/wp-content\/uploads\/2025\/10\/Multiservice-semaine-42-724x1024.jpg\" alt=\"\" width=\"300\" height=\"425\"><\/a><\/strong><\/p>\n","protected":false},"excerpt":{"rendered":"<p>Semaine 42 (du lundi 13 octobre au vendredi 17 octobre 2025) Pour information \u00e0 compter du 05\/07, la DGFIP assurera une permanence uniquement sur RDV les mercredis de 9h \u00e0 12h et de 14h \u00e0 16h \u00e0 l&rsquo;Espace Public du&hellip;&nbsp;<a href=\"http:\/\/st-riquier-es-plains.fr\/?page_id=3413\" class=\"more-link\">Lire la suite<\/a><\/p>\n","protected":false},"author":2,"featured_media":0,"parent":2644,"menu_order":0,"comment_status":"closed","ping_status":"closed","template":"templates\/full-width.php","meta":{"_monsterinsights_skip_tracking":false,"_monsterinsights_sitenote_active":false,"_monsterinsights_sitenote_note":"","_monsterinsights_sitenote_category":0},"_links":{"self":[{"href":"http:\/\/st-riquier-es-plains.fr\/index.php?rest_route=\/wp\/v2\/pages\/3413"}],"collection":[{"href":"http:\/\/st-riquier-es-plains.fr\/index.php?rest_route=\/wp\/v2\/pages"}],"about":[{"href":"http:\/\/st-riquier-es-plains.fr\/index.php?rest_route=\/wp\/v2\/types\/page"}],"author":[{"embeddable":true,"href":"http:\/\/st-riquier-es-plains.fr\/index.php?rest_route=\/wp\/v2\/users\/2"}],"replies":[{"embeddable":true,"href":"http:\/\/st-riquier-es-plains.fr\/index.php?rest_route=%2Fwp%2Fv2%2Fcomments&post=3413"}],"version-history":[{"count":347,"href":"http:\/\/st-riquier-es-plains.fr\/index.php?rest_route=\/wp\/v2\/pages\/3413\/revisions"}],"predecessor-version":[{"id":11757,"href":"http:\/\/st-riquier-es-plains.fr\/index.php?rest_route=\/wp\/v2\/pages\/3413\/revisions\/11757"}],"up":[{"embeddable":true,"href":"http:\/\/st-riquier-es-plains.fr\/index.php?rest_route=\/wp\/v2\/pages\/2644"}],"wp:attachment":[{"href":"http:\/\/st-riquier-es-plains.fr\/index.php?rest_route=%2Fwp%2Fv2%2Fmedia&parent=3413"}],"curies":[{"name":"wp","href":"https:\/\/api.w.org\/{rel}","templated":true}]}}

<h1 style="text-align: center;"><span style="color: #ff0000;">Semaine 42 (du lundi 13 octobre au vendredi 17 octobre 2025)</span></h1>
<p>Pour information à compter du 05/07, la DGFIP assurera une permanence uniquement sur RDV les mercredis de 9h à 12h et de 14h à 16h à l&rsquo;Espace Public du Littoral. Pour la prise de rdv, <a href="http://st-riquier-es-plains.fr/wp-content/uploads/2023/07/Impots_gouv_fr_prendre_rdv.pdf" target="_blank" rel="noopener noreferrer">cliquez ici pour afficher la fiche pratique explicative</a>. Les animatrices France Services pourront accompagner dans la prise de RDV en ligne.</p>
<p>Pour rappel, l&rsquo;accueil de l&rsquo;Espace Public de La Vallée à Cany Barville est désormais fermé. Les partenaires reçoivent uniquement sur RDV en fonction de leur calendrier habituel.</p>
<p>Pour toute demande d&rsquo;accompagnement de démarches administratives et numériques, un agent France Services pourra recevoir à l&rsquo;Espace Public de La Vallée à Cany Barville,&nbsp;<strong><u>sur RDV uniquement</u></strong>, les usagers qui ne peuvent pas se déplacer dans un des Espaces Frances Services à St Valery En Caux ( tél : 02 35 57 92 00) ou à&nbsp;Fontaine Le Dun (tél : 02 35 57&nbsp;83 62).</p>
<h2 style="padding-left: 60px;">&nbsp;Espace Public de la Vallée&nbsp;&nbsp;&nbsp;&nbsp;&nbsp; Espace Public du Littoral&nbsp;&nbsp;&nbsp;&nbsp;&nbsp;&nbsp;&nbsp;&nbsp;&nbsp; Espace Multiservice</h2>
<h2 style="padding-left: 60px;">&nbsp;&nbsp;&nbsp;&nbsp;&nbsp;&nbsp;&nbsp;&nbsp;&nbsp; Cany-Barville&nbsp;&nbsp;&nbsp;&nbsp;&nbsp;&nbsp;&nbsp;&nbsp;&nbsp;&nbsp;&nbsp;&nbsp;&nbsp;&nbsp;&nbsp;&nbsp;&nbsp;&nbsp;&nbsp;&nbsp;&nbsp;&nbsp;&nbsp;&nbsp; Saint Valery en Caux&nbsp;&nbsp;&nbsp;&nbsp;&nbsp;&nbsp;&nbsp;&nbsp;&nbsp;&nbsp;&nbsp;&nbsp;&nbsp;&nbsp;&nbsp;&nbsp;&nbsp;&nbsp; Fontaine le Dun</h2>
<h1 style="padding-left: 60px;"><a href="http://st-riquier-es-plains.fr/wp-content/uploads/2025/10/Vallee-semaine-42.pdf" target="_blank" rel="noopener noreferrer"><img loading="lazy" class="alignleft wp-image-3296" title="http://st-riquier-es-plains.fr/wp-content/uploads/2025/10/Vallee-semaine-42.pdf" src="http://st-riquier-es-plains.fr/wp-content/uploads/2025/10/Vallee-semaine-42-724x1024.jpg" alt="" width="300" height="424"></a></h1>
<p><a href="http://st-riquier-es-plains.fr/wp-content/uploads/2025/10/Littoral-semaine-42.pdf" target="_blank" rel="noopener noreferrer"><img loading="lazy" class="wp-image-3294 alignleft" title="http://st-riquier-es-plains.fr/wp-content/uploads/2025/10/Littoral-semaine-42.pdf" src="http://st-riquier-es-plains.fr/wp-content/uploads/2025/10/Littoral-semaine-42-724x1024.jpg" alt="" width="300" height="424"></a><strong><a href="http://st-riquier-es-plains.fr/wp-content/uploads/2025/10/Multiservice-semaine-42.pdf" target="_blank" rel="noopener noreferrer"><img loading="lazy" class="wp-image-3295 alignleft" title="http://st-riquier-es-plains.fr/wp-content/uploads/2025/10/Multiservice-semaine-42.pdf" src="http://st-riquier-es-plains.fr/wp-content/uploads/2025/10/Multiservice-semaine-42-724x1024.jpg" alt="" width="300" height="425"></a></strong></p>

<p>Semaine 42 (du lundi 13 octobre au vendredi 17 octobre 2025) Pour information à compter du 05/07, la DGFIP assurera une permanence uniquement sur RDV les mercredis de 9h à 12h et de 14h à 16h à l&rsquo;Espace Public du&hellip;&nbsp;<a href="http://st-riquier-es-plains.fr/?page_id=3413" class="more-link">Lire la suite</a></p>
