{"id":3303,"date":"2018-10-06T10:35:51","date_gmt":"2018-10-06T10:35:51","guid":{"rendered":"http:\/\/st-riquier-es-plains.fr\/?page_id=3303"},"modified":"2019-07-01T16:36:23","modified_gmt":"2019-07-01T16:36:23","slug":"traitement-des-dechets-bis","status":"publish","type":"page","link":"http:\/\/st-riquier-es-plains.fr\/?page_id=3303","title":{"rendered":"Traitement des d\u00e9chets"},"content":{"rendered":"<ul>\n<li><a href=\"http:\/\/st-riquier-es-plains.fr\/?p=3277\"><span style=\"color: #ff0000;\">Demande de carte d&rsquo;acc\u00e8s aux d\u00e9chetteries de la CCCA<\/span><\/a><\/li>\n<li><span style=\"color: #ff0000;\"><a style=\"color: #ff0000;\" href=\"http:\/\/st-riquier-es-plains.fr\/?p=3312\">Horaires ouverture des d\u00e9chetteries communautaires<\/a><\/span><\/li>\n<li><span style=\"color: #ff0000;\"><a style=\"color: #ff0000;\" href=\"http:\/\/st-riquier-es-plains.fr\/?page_id=3285\">Ordures m\u00e9nag\u00e8res<\/a><\/span><\/li>\n<\/ul>\n<blockquote class=\"wp-embedded-content\" data-secret=\"hjdmNCWu6h\"><p><a href=\"http:\/\/cote-albatre.fr\/mon-quotidien\/dechetteries\/tri-selectif-et-eco-compostage\/\">Tri s\u00e9lectif et eco compostage&#8230;<\/a><\/p><\/blockquote>\n<p><iframe class=\"wp-embedded-content\" sandbox=\"allow-scripts\" security=\"restricted\" style=\"position: absolute; clip: rect(1px, 1px, 1px, 1px);\" src=\"http:\/\/cote-albatre.fr\/mon-quotidien\/dechetteries\/tri-selectif-et-eco-compostage\/embed\/#?secret=hjdmNCWu6h\" data-secret=\"hjdmNCWu6h\" width=\"600\" height=\"338\" title=\"\u00ab\u00a0Tri s\u00e9lectif et eco compostage&#8230;\u00a0\u00bb &#8212; C\u00f4te d&#039;Alb\u00e2tre\" frameborder=\"0\" marginwidth=\"0\" marginheight=\"0\" scrolling=\"no\"><\/iframe><\/p>\n","protected":false},"excerpt":{"rendered":"<p>Demande de carte d&rsquo;acc\u00e8s aux d\u00e9chetteries de la CCCA Horaires ouverture des d\u00e9chetteries communautaires Ordures m\u00e9nag\u00e8res Tri s\u00e9lectif et eco compostage&#8230;<\/p>\n","protected":false},"author":2,"featured_media":0,"parent":2644,"menu_order":0,"comment_status":"closed","ping_status":"closed","template":"templates\/full-width.php","meta":{"_monsterinsights_skip_tracking":false,"_monsterinsights_sitenote_active":false,"_monsterinsights_sitenote_note":"","_monsterinsights_sitenote_category":0},"_links":{"self":[{"href":"http:\/\/st-riquier-es-plains.fr\/index.php?rest_route=\/wp\/v2\/pages\/3303"}],"collection":[{"href":"http:\/\/st-riquier-es-plains.fr\/index.php?rest_route=\/wp\/v2\/pages"}],"about":[{"href":"http:\/\/st-riquier-es-plains.fr\/index.php?rest_route=\/wp\/v2\/types\/page"}],"author":[{"embeddable":true,"href":"http:\/\/st-riquier-es-plains.fr\/index.php?rest_route=\/wp\/v2\/users\/2"}],"replies":[{"embeddable":true,"href":"http:\/\/st-riquier-es-plains.fr\/index.php?rest_route=%2Fwp%2Fv2%2Fcomments&post=3303"}],"version-history":[{"count":7,"href":"http:\/\/st-riquier-es-plains.fr\/index.php?rest_route=\/wp\/v2\/pages\/3303\/revisions"}],"predecessor-version":[{"id":4638,"href":"http:\/\/st-riquier-es-plains.fr\/index.php?rest_route=\/wp\/v2\/pages\/3303\/revisions\/4638"}],"up":[{"embeddable":true,"href":"http:\/\/st-riquier-es-plains.fr\/index.php?rest_route=\/wp\/v2\/pages\/2644"}],"wp:attachment":[{"href":"http:\/\/st-riquier-es-plains.fr\/index.php?rest_route=%2Fwp%2Fv2%2Fmedia&parent=3303"}],"curies":[{"name":"wp","href":"https:\/\/api.w.org\/{rel}","templated":true}]}}

Traitement des déchets

<ul>
<li><a href="http://st-riquier-es-plains.fr/?p=3277"><span style="color: #ff0000;">Demande de carte d&rsquo;accès aux déchetteries de la CCCA</span></a></li>
<li><span style="color: #ff0000;"><a style="color: #ff0000;" href="http://st-riquier-es-plains.fr/?p=3312">Horaires ouverture des déchetteries communautaires</a></span></li>
<li><span style="color: #ff0000;"><a style="color: #ff0000;" href="http://st-riquier-es-plains.fr/?page_id=3285">Ordures ménagères</a></span></li>
</ul>
<blockquote class="wp-embedded-content" data-secret="hjdmNCWu6h"><p><a href="http://cote-albatre.fr/mon-quotidien/dechetteries/tri-selectif-et-eco-compostage/">Tri sélectif et eco compostage&#8230;</a></p></blockquote>
<p><iframe class="wp-embedded-content" sandbox="allow-scripts" security="restricted" style="position: absolute; clip: rect(1px, 1px, 1px, 1px);" src="http://cote-albatre.fr/mon-quotidien/dechetteries/tri-selectif-et-eco-compostage/embed/#?secret=hjdmNCWu6h" data-secret="hjdmNCWu6h" width="600" height="338" title="« Tri sélectif et eco compostage&#8230; » &#8212; Côte d&#039;Albâtre" frameborder="0" marginwidth="0" marginheight="0" scrolling="no"></iframe></p>

<p>Demande de carte d&rsquo;accès aux déchetteries de la CCCA Horaires ouverture des déchetteries communautaires Ordures ménagères Tri sélectif et eco compostage&#8230;</p>
