{"id":2297,"date":"2017-11-26T16:20:58","date_gmt":"2017-11-26T16:20:58","guid":{"rendered":"http:\/\/st-riquier-es-plains.fr\/?page_id=2297"},"modified":"2018-12-29T17:59:58","modified_gmt":"2018-12-29T17:59:58","slug":"horaires-dutilisation-des-engins-motorises","status":"publish","type":"page","link":"http:\/\/st-riquier-es-plains.fr\/?page_id=2297","title":{"rendered":"Horaires d&rsquo;utilisation des engins motoris\u00e9s"},"content":{"rendered":"<div align=\"center\"><span style=\"font-size: x-large;\"><b><i>PROTECTION DE LA SANTE PUBLIQUE<\/i><\/b><\/span><\/div>\n<div align=\"center\"><span style=\"font-size: x-large;\"><b><i>LUTTE CONTRE LE BRUIT<\/i><\/b><\/span><\/div>\n<div><\/div>\n<div align=\"center\"><span style=\"font-family: Times New Roman; font-size: x-large;\"><b><u>NOUVEAUX HORAIRES<\/u><\/b><\/span><\/div>\n<div><\/div>\n<div align=\"center\"><span style=\"font-size: x-large;\"><b><u>d\u2019utilisation des engins motoris\u00e9s<\/u><\/b><\/span><\/div>\n<div align=\"center\"><\/div>\n<div align=\"center\"><span style=\"font-size: x-large;\"><b><u>de jardinage ou de bricolage de plein air\u00a0:<\/u><\/b><\/span><\/div>\n<div align=\"center\"><span style=\"color: red; font-size: x-large;\"><b>(arr\u00eat\u00e9 pr\u00e9fectoral du 16 octobre 2017)<\/b><\/span><\/div>\n<div><\/div>\n<p>&nbsp;<\/p>\n<p align=\"center\">\n<p align=\"center\"><span style=\"font-size: x-large;\"><b>Les jours ouvrables de 8h30 \u00e0 12h00 et de <\/b><span style=\"color: red;\"><b>14h00<\/b><\/span><b> \u00e0 20h00<\/b><\/span><\/p>\n<div align=\"center\"><span style=\"font-family: Times New Roman; font-size: x-large;\">\u00a0<\/span><\/div>\n<div align=\"center\"><span style=\"font-family: Times New Roman; font-size: x-large;\"><b>Les SAMEDIS de 9h00 \u00e0 12h00 et de <\/b><span style=\"color: red;\"><b>14h00 <\/b><\/span><b>\u00e0 19h00<\/b><\/span><\/div>\n<div align=\"center\"><\/div>\n<div align=\"center\"><span style=\"font-family: Times New Roman; font-size: x-large;\"><b>Les DIMANCHES ET JOURS FERIES de <\/b><b><u>10h00 \u00e0 12h00<\/u><\/b><\/span><\/div>\n<div><\/div>\n<div align=\"center\"><span style=\"font-family: Batang Western; font-size: large;\"><b>Afin de pr\u00e9server la tranquillit\u00e9 de tous,<\/b><\/span><\/div>\n<div align=\"center\"><span style=\"font-family: Batang; font-size: large;\"><b>je vous remercie de respecter ces horaires.<\/b><\/span><\/div>\n<p>&nbsp;<\/p>\n<p>&nbsp;<\/p>\n","protected":false},"excerpt":{"rendered":"<p>PROTECTION DE LA SANTE PUBLIQUE LUTTE CONTRE LE BRUIT NOUVEAUX HORAIRES d\u2019utilisation des engins motoris\u00e9s de jardinage ou de bricolage de plein air\u00a0: (arr\u00eat\u00e9 pr\u00e9fectoral du 16 octobre 2017) &nbsp; Les jours ouvrables de 8h30 \u00e0 12h00 et de 14h00&hellip;&nbsp;<a href=\"http:\/\/st-riquier-es-plains.fr\/?page_id=2297\" class=\"more-link\">Lire la suite<\/a><\/p>\n","protected":false},"author":3,"featured_media":0,"parent":17,"menu_order":0,"comment_status":"closed","ping_status":"closed","template":"","meta":{"_monsterinsights_skip_tracking":false,"_monsterinsights_sitenote_active":false,"_monsterinsights_sitenote_note":"","_monsterinsights_sitenote_category":0},"_links":{"self":[{"href":"http:\/\/st-riquier-es-plains.fr\/index.php?rest_route=\/wp\/v2\/pages\/2297"}],"collection":[{"href":"http:\/\/st-riquier-es-plains.fr\/index.php?rest_route=\/wp\/v2\/pages"}],"about":[{"href":"http:\/\/st-riquier-es-plains.fr\/index.php?rest_route=\/wp\/v2\/types\/page"}],"author":[{"embeddable":true,"href":"http:\/\/st-riquier-es-plains.fr\/index.php?rest_route=\/wp\/v2\/users\/3"}],"replies":[{"embeddable":true,"href":"http:\/\/st-riquier-es-plains.fr\/index.php?rest_route=%2Fwp%2Fv2%2Fcomments&post=2297"}],"version-history":[{"count":4,"href":"http:\/\/st-riquier-es-plains.fr\/index.php?rest_route=\/wp\/v2\/pages\/2297\/revisions"}],"predecessor-version":[{"id":3765,"href":"http:\/\/st-riquier-es-plains.fr\/index.php?rest_route=\/wp\/v2\/pages\/2297\/revisions\/3765"}],"up":[{"embeddable":true,"href":"http:\/\/st-riquier-es-plains.fr\/index.php?rest_route=\/wp\/v2\/pages\/17"}],"wp:attachment":[{"href":"http:\/\/st-riquier-es-plains.fr\/index.php?rest_route=%2Fwp%2Fv2%2Fmedia&parent=2297"}],"curies":[{"name":"wp","href":"https:\/\/api.w.org\/{rel}","templated":true}]}}